 is divided by 86?
83
Let j be 7*(-1 - -2) + 0. Let t = 0 + 5. Suppose 23 = t*o - j. Calculate the remainder when 9 is divided by o.
3
Let r = 4 + 3. Suppose r*t + t = -24. What is the remainder when 41 is divided by 9/(-6)*28/t?
13
Suppose -60*p + 59*p + 33 = 0. Let n = 129 - p. What is the remainder when n is divided by 14?
12
Let q(v) = 2*v**3 - 5*v**2 - v**2 - 6 - 3*v**3 + 0*v**2 + 4*v. What is the remainder when q(-7) is divided by 9?
6
Let j be (2 - 0/1) + 1. Suppose j*b = 7*b - 116. Suppose 2*m + z = 5*m - 33, 0 = 2*m - 2*z - 26. What is the remainder when b is divided by m?
9
Let a(o) = -o**3 + 5*o**2 - 5. What is the remainder when 155 is divided by a(3)?
12
Let d(x) = x**2 - 7*x - 7. What is the remainder when 84 is divided by d(9)?
7
What is the remainder when 64 is divided by (36/(-15))/(704/60 + -12)?
1
Suppose 1613 = -63*a + 31790. Calculate the remainder when a is divided by 7.
3
Let j = -104 - -163. Suppose -2*g + 32 = -0*g. What is the remainder when j is divided by g?
11
Let s = 217 + -90. Calculate the remainder when s is divided by 19.
13
Suppose 155 = 3*b + 2*b. Let n = -9 - 1. Let p = 21 + n. What is the remainder when b is divided by p?
9
Let p(v) = 6*v - 7. Let g be p(5). Let x(y) = -4*y + g*y + 5*y - 2*y. Calculate the remainder when x(2) is divided by 12.
8
Let f be 41 - (2 + 4 - 5). Suppose -f - 14 = -6*m. What is the remainder when 16 is divided by m?
7
Suppose 14 = -21*v + 23*v. Calculate the remainder when 179 is divided by v.
4
Let b = 139 - 79. Suppose -5*u = -4*u - b. Calculate the remainder when u is divided by (1 + 6/(-4))*(-14 - 48).
29
Suppose -7*s - 357 = -10*s. Let p = -70 + s. What is the remainder when p is divided by 25?
24
Let c(r) = -9*r**3 - r**2 - r. Let o = 3807 + -3756. What is the remainder when o is divided by c(-1)?
6
Let i(t) be the second derivative of t**3/6 + 2*t**2 + 13*t. Calculate the remainder when 20 is divided by i(3).
6
Suppose -275*f + 2625 = -270*f. Calculate the remainder when f is divided by 48.
45
Let g(a) = 2*a**2 - 9*a - 3. Let q be g(11). Suppose j - 6*j = -q. Calculate the remainder when 137 is divided by j.
25
Let c(g) = -2*g**3 + 22*g**2 - g + 21. Let l be (1/(-1))/(-1) + 27. Calculate the remainder when (-1)/4 - (-1099)/l is divided by c(11).
9
Suppose -5*g - 5*a = -11 - 159, -2*g - 5*a = -71. Let i = -969 - -981. What is the remainder when g is divided by i?
9
Let i be 4*9/48*72. Suppose i = 4*g - 2*j, 3*j = 2*g - 19 - 10. Calculate the remainder when 50 is divided by g.
11
Suppose -5*i = -6*i + 5. Suppose 5*q - a + 1548 = 0, -5*q + 0*a - 1560 = i*a. What is the remainder when 2/(5/q*-4) is divided by 16?
15
Let q = -118 + 127. Calculate the remainder when 60 is divided by q.
6
Let u = -851 - -863. What is the remainder when 71 is divided by u?
11
Suppose -5*v + 3*b + 225 = 0, 16*v - 11*v - 5*b = 215. Calculate the remainder when 207 is divided by v.
15
Let t = -61 + 85. Suppose -2*n + 5 + 21 = 0. Calculate the remainder when t is divided by n.
11
Suppose -2*a = -5*d + 16 - 93, 87 = 2*a + 5*d. Calculate the remainder when a is divided by 21.
20
Let l(o) = o**3 + 3*o**2 + 4. Let v be l(-3). Suppose -2*k = -h - 0*k + 1, 5*k = -v*h + 30. Calculate the remainder when h is divided by 1 + -1 + 4/2.
1
Suppose 15*g - 675 = -12*g. Calculate the remainder when (-2 + 6)*123/4 is divided by g.
23
Suppose -3*m + 590 = 170. What is the remainder when m is divided by 21?
14
Suppose -3*h + 136 = 148, 2*h = -2*q + 998. Calculate the remainder when q is divided by 21.
20
Suppose 5*u = 2*q + 19, 0 = -q - u + 9 - 1. Suppose q*v - 4*v + 41 = 3*g, v - 27 = -2*g. Let n = -1894 + 1947. What is the remainder when n is divided by g?
11
Let u(n) = n**3 - 24*n**2 + 64*n. What is the remainder when 60 is divided by u(21)?
18
Suppose -5*t + 28 = -t. Suppose -126 = -9*b + t*b. Suppose -4*a - 4*s + b = s, 0 = -a + s + 9. What is the remainder when a is divided by 5?
2
Let y(d) = -d**3 + 19*d**2 - 30*d + 99. What is the remainder when y(17) is divided by 36?
23
Let m(k) = 22*k**2. Let x = -12828 + 12937. What is the remainder when x is divided by m(-1)?
21
Let q = 6 + -6. Suppose a + 7*a - 400 = q. What is the remainder when a is divided by 17?
16
Suppose -32*p - 12978 = -46*p. Calculate the remainder when p is divided by 23.
7
Suppose -3*b = -4*n - 8 + 19, -5*n - 5*b + 5 = 0. Suppose -2*o - c + 34 = -83, n*o = 5*c + 123. What is the remainder when o is divided by 15?
14
Let k = -79 + 239. What is the remainder when k is divided by 41?
37
Let i = 564 - 461. Calculate the remainder when i is divided by 13.
12
Let i = -46 + 172. Suppose -8*k = -2*k - i. What is the remainder when 79 is divided by k?
16
Suppose 10*p = 4*p - 228. Let n = 71 + p. Calculate the remainder when 131 is divided by n.
32
Suppose 0 = 31*i - 35*i - 12. What is the remainder when 28 is divided by (5 - i) + (-8)/(-2)?
4
Let h = 513 - 412. What is the remainder when h is divided by 46?
9
Let h(d) = -24*d + 218. Calculate the remainder when h(7) is divided by 27.
23
Let t(q) = 18*q**2 + q. Let b(p) be the first derivative of -p**2 + 32*p + 18. What is the remainder when t(1) is divided by b(11)?
9
Suppose -2*v - 2*s + 586 = 0, -52*v = -56*v + 5*s + 1172. What is the remainder when v is divided by 94?
11
Suppose -4*c = 2*f - 34, 0*f = c + 5*f - 31. Let v(w) = w**3 - 6*w**2 + 6*w. Calculate the remainder when 141 is divided by v(c).
33
Let x(d) = 17*d + 19. What is the remainder when 264 is divided by x(2)?
52
Let c = -164 - -182. What is the remainder when 282 is divided by c?
12
Suppose 7*s = n + 4*s - 717, 0 = -n - s + 721. What is the remainder when n is divided by 19?
17
Suppose 2*d - 4*b - 36 = 0, -146 = -5*d - 3*b - b. Suppose -7 = -2*i + 7. What is the remainder when 28/2*i/2 is divided by d?
23
Suppose -1 + 43 = 2*w. Suppose 13*t - 4*t = 738. Calculate the remainder when t is divided by w.
19
Suppose -780 = -l - 9*l. Let v = l - 74. What is the remainder when 58 is divided by v?
2
Let k = 24 - 7. Suppose -12*i - 230 = -k*i. Calculate the remainder when i is divided by 12.
10
Let u be (-2)/17 - 5924/(-68). Let s = u - 85. Calculate the remainder when 21/3 - (-1 - -1) is divided by s.
1
Suppose -30 - 25 = -5*z. Suppose 13*k - z*k = 24. Suppose -m - 2*m + 6 = 0. Calculate the remainder when k is divided by m.
0
Suppose 57 - 12 = -5*r. Let o = -15 - r. Let m(n) = -5*n + 6. What is the remainder when m(o) is divided by 13?
10
Let t be ((-8)/(-6))/((-10)/(-15)). Suppose -3*o + 94 = -29. Suppose -5*y - o = -3*x, t*y = 5*x - 22 - 59. Calculate the remainder when 47 is divided by x.
13
Suppose 3*j - 4*r - 26 = r, -5*j = 2*r - 64. Suppose 0*i + 183 = -3*i. Let s = i + 107. What is the remainder when s is divided by j?
10
What is the remainder when 19 is divided by (1020/(-816))/(0 - (-1)/(-8))?
9
Let r(g) = -g**3 - 19*g**2 + 21*g + 18. Let u be r(-20). Calculate the remainder when 229 is divided by (1/u)/(12/(-1104)).
45
Let n = -167 + 181. Let m(a) = 2*a - 7*a + 3*a + 1 + 15*a**2 - a. Calculate the remainder when m(2) is divided by n.
13
Let k(x) = 8*x - 10. Let d be (-4)/((-3)/((-36)/8) - 2). Calculate the remainder when 26 is divided by k(d).
12
Let g = 44 + 0. Suppose 6*b + 4*s = 3*b + g, s + 10 = b. Calculate the remainder when 23 is divided by b.
11
Let d(p) = p**2 + 2*p - 10. Let r be d(-5). Suppose 13 = 3*z - r. What is the remainder when 13 is divided by z?
1
Suppose -2*i + 36 = -0*i. Let a = -2818 - -2995. What is the remainder when a is divided by i?
15
Let v(s) = 116*s - 340. Calculate the remainder when v(7) is divided by 95.
92
Suppose 17820 = 25*s + 19*s. Calculate the remainder when s is divided by 58.
57
Let l be 1/(2/(-4)) + 6. Suppose -4*m - l = 0, 37 = k + 3*m + 11. Suppose -4*b + 34 = 5*i - 6, 0 = 5*i. Calculate the remainder when k is divided by b.
9
Let u(w) be the first derivative of -w**3/3 - 6*w**2 - 9*w + 1. Let g be 1*4*(47 - 49). What is the remainder when 44 is divided by u(g)?
21
Suppose -2*x + 3 = y + 182, 2*y + 367 = -x. Calculate the remainder when (-1)/(-2)*(17 - y) is divided by 34.
33
Let t = -56 + 60. Let o = t + 8. What is the remainder when o is divided by 3?
0
Suppose 0 = -713*p + 708*p + 140. Calculate the remainder when 641 is divided by p.
25
Let f(s) = 2*s**2 + 56*s + 51. Calculate the rem